 - (-3 + -2 + 15)?
-12
What is the value of -108 + (31 + 31 - 31) - 7?
-84
What is 61 + 32 - (-1 + -14) - (39 - 21)?
90
What is the value of 11 - ((42 - 35) + 32)?
-28
Calculate (18 - (-14 + 1 + 19) - 29) + 25.
8
Calculate (0 + 1 - -43) + 1 - (-151 + 343 - 188).
41
(-21 + -13 - (17 + -37)) + 7
-7
-32 + (-34 - 6) + 20 - (1 - -1)
-54
(17 - (-2 - -40)) + -8
-29
What is the value of (-21 - -12) + 12 + 0 + 38 + -13?
28
Evaluate (19 + -3 - 16) + -2 + -14.
-16
Calculate 1 + 67 + (-27 - (6 + -15) - -4).
54
Calculate 12 - (5 + (19 - (7 - -7))).
2
What is 0 + 38 + 2 + (-18 - 52) + 60?
30
What is -82 - ((0 - 9 - -9) + (-10 + 3 - -14))?
-89
Calculate 5 + (-2 - -11) + -21 - (1 + -3 - -2).
-7
What is the value of 4 + 5 + (-5 - -3) + (12 - (27 - -49))?
-57
What is (83 - -3) + 48 - 87?
47
-62 - (-266 - (-27 - 70))
107
What is the value of (-2 - 51 - -7) + (-1 - -7 - (7 - -2))?
-49
Evaluate 36 - 21 - -30 - 112.
-67
-2 + 8 + 0 + (-2 - -3)
7
-16 - (-7 + -28 - -1)
18
0 + 1 - 30 - (-58 + -26 - -86)
-31
What is the value of 7 + 4 - ((18 - 40) + 33) - (-38 - 1)?
39
What is -14 + -12 + 24 + (51 - -1) + (6 - -1)?
57
6 - (-38 - -36 - -14)
-6
Evaluate -23 - (3 + -7 + 124 + -151).
8
Calculate -6 - (26 - (94 - (3 - 14))).
73
What is the value of (-16 - (-9 + -10 + 11)) + (1 - 0) - -43?
36
What is -34 - ((14 - 58) + -15)?
25
What is -10846 + 10782 - (-20 - -1)?
-45
Evaluate 18 + 10 + (-5 - 21) - (8 - 43).
37
Calculate -104 + 111 + (45 - -1).
53
What is 1 + 11 + (9 + 13 - (-22 - -46))?
10
What is (-6 - (-5 - -28)) + (-2 - -11)?
-20
What is the value of (-7 + (-21 + 11 - -26) - 8) + 44?
45
133 - (-69 + 402 + -103)
-97
Evaluate 25 + (9 + 29 + -69 - -23).
17
Calculate (8 - 17 - (-5 + 4)) + -7.
-15
Evaluate 62 - ((82 - 33) + (-4 - 22)).
39
What is the value of -56 + 17 + 26 + (-32 - 2) - 15?
-62
Evaluate 29 - (14 + (-18 - (-25 + 12)) + 0).
20
What is the value of 2 + 6 + 25 + 4 + 26 + (7 - 22)?
48
What is (-6 + 5 + -5 + (2 - -2) - 12) + 5?
-9
Calculate -55 + -29 - (-58 - 72).
46
Evaluate -39 + -2 + -1 - (16 - (-25 - -37)).
-46
26 - (28 - 57) - (11 - 58)
102
What is (1 + -28 - (-153 + 135)) + 16?
7
Calculate -74 - 6 - (2125 + -2072).
-133
What is 12 - (5 - (6 + -6) - (-46 + 2))?
-37
What is (10 - -1) + -121 + 98 - (-9 + 0)?
-3
Calculate 4 + (-173 - -168) + -31 + (-4 + 3 - 0).
-33
Calculate (6 - 4 - 32) + (-25 + 16 - -19) + -1.
-21
Evaluate (-17 - (13 - 12)) + -11 + 9 + 2 + 0.
-18
Evaluate (-22 - -62 - 45) + (-6 - -32).
21
2 - (0 + 11 + -4 + -16 + 1)
10
Evaluate -16 - -16 - -22 - (-34 + 29).
27
What is the value of 81 - (-1 + 1 - -5 - (-9 + 5) - 6)?
78
Calculate -5 + (-2 - -5) + (31 - 40) + -9.
-20
Evaluate (15 - (38 + -30)) + -32.
-25
1 + 45 - ((12 - 185) + 164)
55
-30 + 6 + 19 - ((-5 - 29) + 2) - 8
19
Calculate 0 + 1 + -10 + -10 + -85 + 225.
121
Evaluate -67 + -48 + 247 + -100.
32
Calculate (-1 - (0 + 2)) + (-135 + 76 - -39).
-23
1 - 3 - 7 - (-83 + -1 + -17)
92
886 - 1044 - (-3 + 2) - (-10 + 0 - 1)
-146
What is 82 + 66 + (-147 - -19)?
20
Evaluate (156 - 116) + -90 + 3 + -19.
-66
Evaluate (-3 - -16) + (-15 - -107 - 62).
43
What is -13 + (-14 - (-29 + (-5 - 11))) + -11?
7
Evaluate (-119 - -113) + (-8 - -5 - 0) + (-3 - 61).
-73
(-76 - -6) + 7 - (-129 + 103)
-37
Evaluate (68 + -23 - -33) + -71 - (-77 + 1).
83
80 + -80 + 1 + 4 - (-8 - (2 + 14))
29
Calculate 83 + 32 + -30 - 46 - (9 + 3 + 0).
27
What is 44 + -4 + -90 - -76?
26
Calculate -60 - (-7 + 0 + (258 - 256)).
-55
What is (-1 - 0) + (13 - 2) + -24 - (-73 + 20)?
39
Calculate -7 + -1 + -2 + (-12 - 5 - (67 - 92)).
-2
What is 76 + -24 - (821 + -876)?
107
Evaluate -1 - (146 + -41 + -90).
-16
-7 + 56 + -59 + -19
-29
Evaluate -4 - (100 + -80 + -76).
52
What is 156 + -174 + (-29 - -18)?
-29
What is the value of 44 + -21 + -16 + (-58 - (-3 - -3))?
-51
What is (26 - 1) + (22 - 92 - -29) - 94?
-110
What is 57 + -6 + -82 + -16?
-47
Evaluate 81 + (-78 + -33 - 96).
-126
What is 110 + (63 - 127) - -9?
55
What is (-2 - -4 - (-56 + (1 - 5))) + -14?
48
Calculate 48 - (19 + 6 - -12).
11
Calculate 56 - (107 + -107 - -81).
-25
Calculate -410 + 367 - (6 + -17 + 1 + 0 + 1).
-34
What is the value of 49 - (33 + -56 + -29)?
101
-1110 + 1135 - (4 - 8 - 22)
51
What is the value of 43 + -5 + 19 + -16?
41
What is (-10 - (-30 + 20 + -12)) + -12 + -25?
-25
What is the value of (1 - -7) + -2 - (11341 + -11371)?
36
Evaluate 66 + -1 + (-139 + 134 - -17) - (1 - -9).
67
Calculate -114 - -130 - -9 - 14.
11
Evaluate 78 + -97 + -8 - -57.
30
Evaluate (6 - -2) + (23 - (-2 - -18) - 3) - 13.
-1
Calculate 1 + -4 - ((-55 - -26) + 112).
-86
Calculate 14 - (155 - -28) - -283.
114
What is the value of (5 - (2 - -15)) + 89 + -116?
-39
What is (-12 - -46) + (-50 - 9)?
-25
-35 + -52 + 44 - -12
-31
What is the value of 4 - (29 - 21) - (-16 - 25) - (0 - -15)?
22
14 + 8 + -19 + (-130 - -99)
-28
Evaluate 12 - (17 + 3 + 6 - (-5 - 2)).
-21
Evaluate -22 - ((-104 - -21) + 38).
23
-1356 + 1350 - (0 - 68)
62
Evaluate (1 - -3 - 5 - -1) + (-9 - -52).
43
Evaluate 0 + 5 + -10 - -24 - (-12 + 2).
29
What is 46 + -174 + 67 + 64?
3
(5 - (-7 + 1 + 11) - (71 - 78)) + -62
-55
Evaluate -217 - -235 - (1 - -4 - 14).
27
6 + -56 + (-25 - (-15 - 9) - (-2 + -4))
-45
(-22 + 28 - -36) + -22 + 54
74
What is the value of -10 - ((18 - 11 - -4) + -69 + 11)?
37
What is 104 + -9 + (8 - 37)?
66
1 + (11 - (-6 - (-6 - 67)) - -10)
-45
Evaluate 0 + 11 - (-11 + (55 - 84)) - -5.
56
What is the value of 53 + 2 - (17 + -14) - (24 + -15)?
43
What is the value of -3 + -30 + -25 + 31 + -23?
-50
Evaluate -54 - (-29 + -11 - -21 - (-4 - 6 - 1)).
-46
What is the value of (0 - -97) + 276 + -325?
48
Calculate 4 + -1 + (-766 - -768) + (1 - (84 + 1)).
-79
(78 - 23 - 35) + 5
25
Calculate (16 - 0) + -7029 + 7032.
19
Evaluate 0 + (-46 + 38 - 6).
-14
Calculate 79 + (-140 - -54 - -45).
38
Calculate 95 + -106 + (13 - 34).
-32
306 + -301 - (1 + 15 + 7 + -9 + 1)
-10
What is the value of -7334 - -7321 - (41 - 1)?
-53
(-1 - -26) + (47 - (53 + 46))
-27
Calculate (-96 - 153) + 150 + (-2 - (3 - 25)).
-79
(0 - 19) + (15 + 68 + -76 - (-1 + 7))
-18
What is the value of (14 - 2) + (-4434 - -4504)?
82
Calculate -111 - (-170 + (157 - 74)).
-24
Evaluate -21 + (16 - -6 - (-56 - -131)).
-74
2 + (5 - (28 - 10)) - -23
12
Calculate -42 - 8 - ((-2 - 0) + 2 + (9 - 11)).
-48
What is -1 + -10 + -4322 + 4254?
-79
(-233 - -84) + 112 + -6 + 1 + -2 + 2
-42
-7 - (7 + 9 + -13) - (53 - 19)
-44
(18 - (0 + -3)) + (-146 - -124)
-1
What is the value of -78 + (-28 - (5 - 21) - -18) + (-1 - 19)?
-92
Evaluate 89 + (-69 - -19) + 18.
57
Evaluate 61 + (-12 - (16 + -10) - -26) + 0 + -2.
67
(-34 - (10 + 6)) + -6 + 1 + -6 - -1
-60
Evaluate 0 + 0 + -53 + (-112 - (-97 - 31)).
-37
Evaluate (5 - (0 - (2 + 7))) + (30 + -25 - -4).
23
Calculate (-4 - 1 - 0) + (-38 - -26 - -14) - 7.
-10
Calculate 16 + (4 + -6 - 0) + -5 - (0 + -113).
122
What is -54 - (-7 + 29) - -46?
-30
What is (-6 - -16) + (1 + 84 - 10) - -3?
88
Evaluate (32 + -5 - 53) + -1 + -4 + 0.
-31
Evaluate -34 - (1 - (120 - 56)).
29
Calculate 4 + -4 + 2 - (7 - (4 - 12)).
-13
What is (1 - (13 - (-6 - -5))) + -253 + 228?
-38
What is 59 + (7 - (11 - -5) - (-8 - -1))?
57
What is 59 - ((-39 - -45) + (15 - 2))?
40
What is -2 - (-52 - (-51 + 26))?
25
Calculate -8 - (-47 + 46 - ((-1 - 67) + 8)).
-67
Evaluate (4 - 4 - ((-22 - -8) + 8)) + -53.
-47
What is the value of -39 + -9 + 836 + -799?
-11
Evaluate 2 + -2 + 13 - (-9045 + 9044).
14
Evaluate -6 + (4 + -59 - (11 + 0 + -8)) + 5.
-59
What is (-3 - 5) + (-3 - -8) + 17 + -61 + 4?
-43
Calculate 424 + -426 - (25 + 0).
-27
What is the value of 25 + (-19 + 16 - (8 - (21 + 6)))?
41
Calculate (-20 - -42 - -4) + (1 + 0 - 16).
11
Evaluate -10 + 2 - (-36 - (23 + -43) - -23).
-15
What is -122 + 58 + 91 - 22?
5
(2 - 0) + (26 - 23) - ((-30 - -14) + 99)
-78
Calculate 121 + -124 - (-11 - (-40 - -8)).
-24
Evaluate (654 - 674 - (-1 - -2)) + (1 + -2 - -3).
-19
-1 + -3 - (5534 + -5763 + (1 - -75))
149
What is 1 + (-3 - 1 - (54 - (-33 - -50)))?
-40
Calculate (2 - 2 - 1) + -34 + 23 + 0 + 3.
-9
29 - (-18 - ((-25 - -5) + 14 + -2 + -7))
32
-56 + 13 + -20 + 2 + (0 - (-10 - 0))
-51
(-50 - ((-6 - (-11 - -11)) + -8)) + 0
-36
What is 14 + -4 + 16 + -29 + -23 + -2 + -1?
-29
What is the value of (-5 + 26 - -25) + (59 - 70)?
35
What is the value of -6 + 2 + (16 - (-12 + 74)) - 1?
-51
Evaluate -12 + 14 + 3 + 4 + (-8 - -